{"id":66,"date":"2017-02-16T23:07:19","date_gmt":"2017-02-16T23:07:19","guid":{"rendered":"http:\/\/new.lfaf.de\/?page_id=66"},"modified":"2025-11-07T20:37:56","modified_gmt":"2025-11-07T20:37:56","slug":"veranstaltungen","status":"publish","type":"page","link":"https:\/\/new.lfaf.de\/?page_id=66","title":{"rendered":"Vergangene Veranstaltungen"},"content":{"rendered":"<p><img loading=\"lazy\" decoding=\"async\" class=\"size-medium wp-image-166 aligncenter\" src=\"https:\/\/new.lfaf.de\/wp-content\/uploads\/2017\/02\/P1020154_10-300x165.jpg\" alt=\"\" width=\"300\" height=\"165\" srcset=\"https:\/\/new.lfaf.de\/wp-content\/uploads\/2017\/02\/P1020154_10-300x165.jpg 300w, https:\/\/new.lfaf.de\/wp-content\/uploads\/2017\/02\/P1020154_10.jpg 427w\" sizes=\"auto, (max-width: 300px) 100vw, 300px\" \/><\/p>\n<hr \/>\n<ul>\n<li>05.07.2025, Burg Gr\u00fcnsberg<\/li>\n<li>23.11.2024, B\u00fcrgerhaus R\u00fcckersdorf<\/li>\n<li>13.07.2024, Burg Gr\u00fcnsberg<\/li>\n<li>21.10.2023, B\u00fcrgerhaus R\u00fcckersdorf<\/li>\n<li>07.10.2023, private Festveranstaltung<\/li>\n<li>08.07.2023, Burg Gr\u00fcnsberg<\/li>\n<li>04.03.2023, B\u00fcrgerhaus R\u00fcckersdorf<\/li>\n<li>25.06.2022, Burg Gr\u00fcnsberg<\/li>\n<li>24.07.2021, Burg Gr\u00fcnsberg<\/li>\n<li>ABGESAGT wg. Corona: 07.11.2020, Erdinger Weissbr\u00e4u<\/li>\n<li>ABGESAGT wg. Corona: 11.07.2020, Burg Gr\u00fcnsberg<\/li>\n<li>13.02.2020, Brown Sugar<\/li>\n<li>09.11.2019, Erdinger Weissbr\u00e4u<\/li>\n<li>29.06.2019, Burg Gr\u00fcnsberg<\/li>\n<li>21.03.2019, Brown Sugar<\/li>\n<li>09.11.2018, Erdinger Weissbr\u00e4u<\/li>\n<li>07.07.2018, Burg Gr\u00fcnsberg<\/li>\n<li>06.06.2018, Benefizkonzert<\/li>\n<li>22.02.2018, Brown Sugar<\/li>\n<li>18.11.2017, Erdinger Weissbr\u00e4u<\/li>\n<li>15.07.2017, Burg Gr\u00fcnsberg<\/li>\n<li>01.07.2017, private Festveranstaltung<\/li>\n<li>17.2.2017, private Festveranstaltung<\/li>\n<li>09.02.2017, Brown Sugar<\/li>\n<li>12.11.2016, Erdinger Weissbr\u00e4u<\/li>\n<li>21.7.2016, Betriebsfest Stadt R\u00f6thenbach<\/li>\n<li>16.7.2016, private Festveranstaltung<\/li>\n<li>04.06.2016, Burg Gr\u00fcnsberg<\/li>\n<li>24.04.2016, Gewerbetag R\u00f6thenbach a.d. Pegnitz<\/li>\n<li>04.02.2016, Brown Sugar<\/li>\n<li>21.11.2015, Erdinger Weissbr\u00e4u<\/li>\n<li>18.07.2015, Burg Gr\u00fcnsberg<\/li>\n<li>17.4.2015, Erdinger Weissbr\u00e4u<\/li>\n<li>18.12.2014, Erdinger Weissbr\u00e4u<\/li>\n<\/ul>\n","protected":false},"excerpt":{"rendered":"<p>05.07.2025, Burg Gr\u00fcnsberg 23.11.2024, B\u00fcrgerhaus R\u00fcckersdorf 13.07.2024, Burg Gr\u00fcnsberg 21.10.2023, B\u00fcrgerhaus R\u00fcckersdorf 07.10.2023, private Festveranstaltung 08.07.2023, Burg Gr\u00fcnsberg 04.03.2023, B\u00fcrgerhaus R\u00fcckersdorf 25.06.2022, Burg Gr\u00fcnsberg 24.07.2021, Burg Gr\u00fcnsberg ABGESAGT wg. Corona: 07.11.2020, Erdinger Weissbr\u00e4u ABGESAGT wg. Corona: 11.07.2020, Burg Gr\u00fcnsberg 13.02.2020,&#8230;<br \/><a class=\"read-more-button\" href=\"https:\/\/new.lfaf.de\/?page_id=66\">Mehr Lesen<\/a><\/p>\n","protected":false},"author":1,"featured_media":0,"parent":0,"menu_order":0,"comment_status":"closed","ping_status":"closed","template":"","meta":{"footnotes":""},"class_list":["post-66","page","type-page","status-publish","hentry"],"_links":{"self":[{"href":"https:\/\/new.lfaf.de\/index.php?rest_route=\/wp\/v2\/pages\/66","targetHints":{"allow":["GET"]}}],"collection":[{"href":"https:\/\/new.lfaf.de\/index.php?rest_route=\/wp\/v2\/pages"}],"about":[{"href":"https:\/\/new.lfaf.de\/index.php?rest_route=\/wp\/v2\/types\/page"}],"author":[{"embeddable":true,"href":"https:\/\/new.lfaf.de\/index.php?rest_route=\/wp\/v2\/users\/1"}],"replies":[{"embeddable":true,"href":"https:\/\/new.lfaf.de\/index.php?rest_route=%2Fwp%2Fv2%2Fcomments&post=66"}],"version-history":[{"count":36,"href":"https:\/\/new.lfaf.de\/index.php?rest_route=\/wp\/v2\/pages\/66\/revisions"}],"predecessor-version":[{"id":439,"href":"https:\/\/new.lfaf.de\/index.php?rest_route=\/wp\/v2\/pages\/66\/revisions\/439"}],"wp:attachment":[{"href":"https:\/\/new.lfaf.de\/index.php?rest_route=%2Fwp%2Fv2%2Fmedia&parent=66"}],"curies":[{"name":"wp","href":"https:\/\/api.w.org\/{rel}","templated":true}]}}