{"id":16,"date":"2017-02-16T22:01:20","date_gmt":"2017-02-16T22:01:20","guid":{"rendered":"http:\/\/new.lfaf.de\/?page_id=16"},"modified":"2026-01-14T23:22:02","modified_gmt":"2026-01-14T23:22:02","slug":"willkommen","status":"publish","type":"page","link":"https:\/\/new.lfaf.de\/","title":{"rendered":"Willkommen"},"content":{"rendered":"<p>Hallo,<br \/>Wir sind eine Coverband aus der Metropolregion N\u00fcrnberg und spielen Rock- und Pophits von den 60ern bis zu den 80ern.<br \/>Eure Lazy Friends &amp; Family<\/p>\n<p>Auf unserer EP k\u00f6nnt Ihr einige unserer unserer Lieblingssongs h\u00f6ren. Sucht einfach nach &#8222;Lazy Friends &amp; Family&#8220; bei Amazon, iTunes, AppleMusic, Spotify, Deezer.<\/p>\n<p>Einen Teaser zu den Songs gibt&#8217;s auf Instagram unter:<br \/><a href=\"https:\/\/www.instagram.com\/p\/CNYWpUSqIBn\/?utm_source=ig_web_button_share_sheet\">https:\/\/www.instagram.com\/p\/CNYWpUSqIBn<\/a><\/p>\n<p>Leider haben wir f\u00fcr Riders on the Storm keine Lizenz bekommen. Auf Youtube k\u00f6nnt Ihr aber dennoch reinh\u00f6ren unter: <a href=\"https:\/\/youtu.be\/K3N3GrOPR-I\" target=\"_blank\" rel=\"noreferrer noopener\">https:\/\/youtu.be\/K3N3GrOPR-I<\/a><\/p>\n<p style=\"text-align: center;\"><strong>Ihr k\u00f6nnt uns 2026 Live erleben:<\/strong><\/p>\n<p style=\"text-align: center;\"><b>Rockcafe Brown Sugar<br \/>K\u00f6nigstorgraben 3, 90402 N\u00fcrnberg<br \/><\/b><b><\/b><strong>Donnerstag , 05.03.2026,<br \/>Konzertbeginn 21:00<\/strong><\/p>\n<p>&nbsp;<\/p>\n<p style=\"text-align: center;\"><b>Burg Gr\u00fcnsberg b. Altdorf<br \/>Samstag, 18.07.2026<br \/>Konzertbeginn n.n.<br \/>Einlass n.n.<\/b><\/p>\n<p>&nbsp;<\/p>\n<p>&nbsp;<\/p>\n<div dir=\"auto\">\n<div class=\"elided-text\" dir=\"auto\">\u00a0<\/div>\n<\/div>\n\n\n<p><\/p>\n\n\n\n<p><\/p>\n","protected":false},"excerpt":{"rendered":"<p>Hallo,Wir sind eine Coverband aus der Metropolregion N\u00fcrnberg und spielen Rock- und Pophits von den 60ern bis zu den 80ern.Eure Lazy Friends &amp; Family Auf unserer EP k\u00f6nnt Ihr einige unserer unserer Lieblingssongs h\u00f6ren. Sucht einfach nach &#8222;Lazy Friends &amp;&#8230;<br \/><a class=\"read-more-button\" href=\"https:\/\/new.lfaf.de\/\">Mehr Lesen<\/a><\/p>\n","protected":false},"author":1,"featured_media":0,"parent":0,"menu_order":0,"comment_status":"closed","ping_status":"closed","template":"","meta":{"footnotes":""},"class_list":["post-16","page","type-page","status-publish","hentry"],"_links":{"self":[{"href":"https:\/\/new.lfaf.de\/index.php?rest_route=\/wp\/v2\/pages\/16","targetHints":{"allow":["GET"]}}],"collection":[{"href":"https:\/\/new.lfaf.de\/index.php?rest_route=\/wp\/v2\/pages"}],"about":[{"href":"https:\/\/new.lfaf.de\/index.php?rest_route=\/wp\/v2\/types\/page"}],"author":[{"embeddable":true,"href":"https:\/\/new.lfaf.de\/index.php?rest_route=\/wp\/v2\/users\/1"}],"replies":[{"embeddable":true,"href":"https:\/\/new.lfaf.de\/index.php?rest_route=%2Fwp%2Fv2%2Fcomments&post=16"}],"version-history":[{"count":66,"href":"https:\/\/new.lfaf.de\/index.php?rest_route=\/wp\/v2\/pages\/16\/revisions"}],"predecessor-version":[{"id":445,"href":"https:\/\/new.lfaf.de\/index.php?rest_route=\/wp\/v2\/pages\/16\/revisions\/445"}],"wp:attachment":[{"href":"https:\/\/new.lfaf.de\/index.php?rest_route=%2Fwp%2Fv2%2Fmedia&parent=16"}],"curies":[{"name":"wp","href":"https:\/\/api.w.org\/{rel}","templated":true}]}}